{"id":8,"date":"2024-02-27T17:34:52","date_gmt":"2024-02-27T17:34:52","guid":{"rendered":"https:\/\/globalvendor.com.mx\/?page_id=8"},"modified":"2024-02-27T17:52:21","modified_gmt":"2024-02-27T17:52:21","slug":"__trashed","status":"publish","type":"page","link":"https:\/\/globalvendor.com.mx\/?page_id=8","title":{"rendered":"ABOUT US"},"content":{"rendered":"\n<p><\/p>\n\n\n\n<p>GLOBAL VENDOR LTD is a Foreign Trade &amp; Law Firm, which is operating in a variety of business fields; thereby we strive to continuously improve our customer service and the functions we offer by drawing upon the integrated corporate strength that is our advantage.<\/p>\n\n\n\n<p>Our portfolio business includes: Trade, Customs , Logistics, environment, investment, taxes, insurance and energy<\/p>\n\n\n\n<p><strong>\u5173\u4e8e\u6211<\/strong><strong>\u4eec<\/strong><strong><\/strong><\/p>\n\n\n\n<p>GLOBAL VENDOR LTD <strong>\u662f\u4e00\u5bb6\u5916\u8d38\u5f8b\u5e08\u4e8b\u52a1\u6240<\/strong><strong> <\/strong><strong>\u56e0\u6b64\uff0c\u6211<\/strong><strong>\u4eec\u52aa\u529b\u5229\u7528\u4f5c\u4e3a\u6211\u4eec\u4f18\u52bf\u7684\u7efc\u5408\u4f01\u4e1a\u5b9e\u529b\uff0c\u4e0d\u65ad\u6539\u8fdb\u6211\u4eec\u7684\u5ba2\u6237\u670d\u52a1\u548c\u6211\u4eec\u63d0\u4f9b\u7684\u529f\u80fd\u3002<\/strong><\/p>\n\n\n\n<p><strong>\u6211<\/strong><strong>\u4eec\u7684\u6295\u8d44\u7ec4\u5408\u4e1a\u52a1\u5305\u62ec\uff1a\u8d38\u6613\u3001\u6d77\u5173\u3001\u7269\u6d41\u3001\u73af\u5883\u3001\u6295\u8d44\u3001\u7a0e\u52a1\u3001\u4fdd\u9669\u548c\u80fd\u6e90<\/strong><\/p>\n\n\n\n<p>\u00dcBER UNS<\/p>\n\n\n\n<p>GLOBAL VENDOR LTD ist ein Au\u00dfenhandels- und Anwaltskanzlei, das in einer Vielzahl von Gesch\u00e4ftsfeldern t\u00e4tig ist; Dabei sind wir bestrebt, unseren Kundenservice und die von uns angebotenen Funktionen kontinuierlich zu verbessern, indem wir auf die integrierte Unternehmensst\u00e4rke zur\u00fcckgreifen, die unser Vorteil ist.<\/p>\n\n\n\n<p>Unser Portfoliogesch\u00e4ft umfasst: Handel, Zoll, Logistik, Umwelt, Investitionen, Steuern, Versicherungen und Energie<\/p>\n","protected":false},"excerpt":{"rendered":"<p>GLOBAL VENDOR LTD is a Foreign Trade &amp; Law Firm, which is operating in a variety of business fields; thereby we strive to continuously improve our customer service and the functions we offer by drawing upon the integrated corporate strength that is our advantage. Our portfolio business includes: Trade, Customs , Logistics, environment, investment, taxes, [&hellip;]<\/p>\n","protected":false},"author":1,"featured_media":0,"parent":0,"menu_order":0,"comment_status":"closed","ping_status":"closed","template":"","meta":{"footnotes":""},"class_list":["post-8","page","type-page","status-publish","hentry"],"_links":{"self":[{"href":"https:\/\/globalvendor.com.mx\/index.php?rest_route=\/wp\/v2\/pages\/8","targetHints":{"allow":["GET"]}}],"collection":[{"href":"https:\/\/globalvendor.com.mx\/index.php?rest_route=\/wp\/v2\/pages"}],"about":[{"href":"https:\/\/globalvendor.com.mx\/index.php?rest_route=\/wp\/v2\/types\/page"}],"author":[{"embeddable":true,"href":"https:\/\/globalvendor.com.mx\/index.php?rest_route=\/wp\/v2\/users\/1"}],"replies":[{"embeddable":true,"href":"https:\/\/globalvendor.com.mx\/index.php?rest_route=%2Fwp%2Fv2%2Fcomments&post=8"}],"version-history":[{"count":4,"href":"https:\/\/globalvendor.com.mx\/index.php?rest_route=\/wp\/v2\/pages\/8\/revisions"}],"predecessor-version":[{"id":12,"href":"https:\/\/globalvendor.com.mx\/index.php?rest_route=\/wp\/v2\/pages\/8\/revisions\/12"}],"wp:attachment":[{"href":"https:\/\/globalvendor.com.mx\/index.php?rest_route=%2Fwp%2Fv2%2Fmedia&parent=8"}],"curies":[{"name":"wp","href":"https:\/\/api.w.org\/{rel}","templated":true}]}}